me factors of 110747946.
2, 3, 18457991
What are the prime factors of 174074578?
2, 43, 53, 181, 211
What are the prime factors of 176278692?
2, 3, 1987, 7393
List the prime factors of 1060457269.
31, 199, 397, 433
What are the prime factors of 246109751?
929, 264919
List the prime factors of 81974270.
2, 5, 7, 1171061
What are the prime factors of 3992271?
3, 23, 57859
What are the prime factors of 44928861?
3, 3659, 4093
List the prime factors of 14433163.
14433163
List the prime factors of 6413606160.
2, 3, 5, 13, 193, 10651
What are the prime factors of 89357540?
2, 5, 139, 32143
What are the prime factors of 406323946?
2, 7, 29023139
What are the prime factors of 2753911962?
2, 3, 463, 491, 673
List the prime factors of 195474566.
2, 7, 13962469
What are the prime factors of 42291423?
3, 1566349
What are the prime factors of 13782844?
2, 47, 167, 439
List the prime factors of 802970114.
2, 401485057
What are the prime factors of 3679165887?
3, 151, 1877, 4327
What are the prime factors of 14576905?
5, 7, 17, 24499
List the prime factors of 252549234.
2, 3, 7, 43, 6659
List the prime factors of 21303310.
2, 5, 7, 271, 1123
List the prime factors of 381862092.
2, 3, 17, 31, 60383
List the prime factors of 356346308.
2, 1201, 74177
List the prime factors of 836601649.
13, 107, 601439
What are the prime factors of 2281406684?
2, 19, 29, 31, 33391
What are the prime factors of 103443809?
7, 19, 709, 1097
What are the prime factors of 5712432654?
2, 3, 22877, 41617
What are the prime factors of 44108338?
2, 937, 23537
What are the prime factors of 148610052?
2, 3, 47, 3253
What are the prime factors of 2201900770?
2, 5, 769, 286333
List the prime factors of 10596274.
2, 13, 151, 2699
What are the prime factors of 127419815?
5, 25483963
List the prime factors of 509324814.
2, 3, 9431941
List the prime factors of 1174557518.
2, 17627, 33317
What are the prime factors of 159632795?
5, 7, 31, 167, 881
List the prime factors of 1295907259.
1295907259
What are the prime factors of 1411573466?
2, 47, 59, 199, 1279
List the prime factors of 28331434.
2, 29, 488473
List the prime factors of 32111547.
3, 13, 823373
List the prime factors of 8275686719.
103, 80346473
What are the prime factors of 4265332117?
9697, 439861
What are the prime factors of 379917564?
2, 3, 13, 17, 143257
What are the prime factors of 639641428?
2, 191, 577, 1451
List the prime factors of 301778236.
2, 75444559
List the prime factors of 214394208.
2, 3, 7, 17, 383
List the prime factors of 71512798.
2, 7, 5108057
What are the prime factors of 2606738647?
43, 569, 106541
What are the prime factors of 884893136?
2, 55305821
What are the prime factors of 194953374?
2, 3, 7, 11, 140659
What are the prime factors of 5061898665?
3, 5, 17, 6616861
What are the prime factors of 1350696924?
2, 3, 29, 431257
What are the prime factors of 2047593275?
5, 7, 13, 479, 1879
List the prime factors of 123627725.
5, 13, 29, 1009
What are the prime factors of 3445740351?
3, 461, 276833
What are the prime factors of 633926855?
5, 17, 43, 251, 691
What are the prime factors of 530104471?
13, 40777267
What are the prime factors of 409320988?
2, 97, 1054951
List the prime factors of 2653410140.
2, 5, 10271, 12917
What are the prime factors of 3629967?
3, 11, 317, 347
What are the prime factors of 9377624?
2, 31, 37813
What are the prime factors of 6081735187?
11, 23, 47, 511457
What are the prime factors of 80949527?
29, 2791363
What are the prime factors of 64450203?
3, 179, 257, 467
What are the prime factors of 412955940?
2, 3, 5, 29, 237331
What are the prime factors of 2298907979?
79, 29100101
What are the prime factors of 6450917830?
2, 5, 7, 181, 509149
List the prime factors of 16730988.
2, 3, 137, 10177
List the prime factors of 213157269.
3, 13, 1821857
What are the prime factors of 90465212?
2, 2131, 10613
List the prime factors of 1833436972.
2, 257, 1783499
What are the prime factors of 1280215518?
2, 3, 179, 739, 1613
What are the prime factors of 571556785?
5, 23, 73, 103, 661
List the prime factors of 526682533.
13, 43, 942187
List the prime factors of 1098025430.
2, 5, 2311, 47513
What are the prime factors of 44187640?
2, 5, 7, 157813
What are the prime factors of 73501019?
307, 239417
What are the prime factors of 539798368?
2, 16868699
List the prime factors of 194456394.
2, 3, 11, 982103
What are the prime factors of 76598680?
2, 5, 1914967
What are the prime factors of 141288251?
13, 47, 231241
What are the prime factors of 147965981?
191, 774691
List the prime factors of 26637287.
2273, 11719
What are the prime factors of 44381371?
44381371
What are the prime factors of 1002209675?
5, 1321, 30347
What are the prime factors of 656945486?
2, 43, 7638901
What are the prime factors of 26195982?
2, 3, 4365997
List the prime factors of 3107931646.
2, 1553965823
What are the prime factors of 46363779?
3, 7, 11, 29, 769
What are the prime factors of 130391232?
2, 3, 23, 29527
What are the prime factors of 602008493?
157, 1567, 2447
List the prime factors of 780685466.
2, 11, 3225973
List the prime factors of 33292728.
2, 3, 7, 97, 227
List the prime factors of 1229271856.
2, 113, 679907
What are the prime factors of 71378759?
47, 109, 13933
List the prime factors of 5121356176.
2, 320084761
List the prime factors of 178060707.
3, 11, 79, 7589
What are the prime factors of 23924640?
2, 3, 5, 49843
What are the prime factors of 2465984172?
2, 3, 109, 1885309
What are the prime factors of 115466268?
2, 3, 19, 107, 4733
What are the prime factors of 3070124339?
31, 2039, 48571
What are the prime factors of 91371598?
2, 45685799
What are the prime factors of 163685199?
3, 73, 747421
What are the prime factors of 474504197?
31, 15306587
What are the prime factors of 69549647?
31, 2243537
What are the prime factors of 2933647917?
3, 29, 5171, 6521
What are the prime factors of 1648705188?
2, 3, 13, 787, 1033
List the prime factors of 2063024679.
3, 6197, 110969
List the prime factors of 476018773.
47, 227, 44617
List the prime factors of 207053618.
2, 4721, 21929
What are the prime factors of 4829071353?
3, 47, 59, 580487
List the prime factors of 3954183986.
2, 17, 116299529
List the prime factors of 3774430196.
2, 101, 2099, 4451
List the prime factors of 58782143.
7, 19, 441971
List the prime factors of 47472786.
2, 3, 401, 6577
List the prime factors of 1323662060.
2, 5, 7, 2063, 4583
What are the prime factors of 18251447?
18251447
What are the prime factors of 596223820?
2, 5, 139, 214469
What are the prime factors of 1086781184?
2, 4245239
List the prime factors of 5126530210.
2, 5, 512653021
List the prime factors of 149318182.
2, 13, 5743007
What are the prime factors of 18464800?
2, 5, 23081
List the prime factors of 138426509.
13, 37, 287789
What are the prime factors of 1247092346?
2, 197, 3165209
What are the prime factors of 752954812?
2, 149, 1263347
List the prime factors of 3179178375.
3, 5, 229, 37021
What are the prime factors of 162944756?
2, 13, 863, 3631
List the prime factors of 29636403.
3, 31, 318671
What are the prime factors of 127115221?
31, 367, 11173
What are the prime factors of 4136288939?
877, 4716407
What are the prime factors of 1812915215?
5, 73, 4966891
List the prime factors of 4698109.
13, 523, 691
What are the prime factors of 279261531?
3, 71, 103, 4243
What are the prime factors of 13341031?
11, 41, 29581
What are the prime factors of 590979312?
2, 3, 7, 11, 53299
List the prime factors of 7436319.
3, 11, 225343
List the prime factors of 1622010616.
2, 202751327
What are the prime factors of 51775099?
37, 79, 17713
What are the prime factors of 288132841?
288132841
List the prime factors of 1933383621.
3, 13, 149, 332711
List the prime factors of 76732837.
103, 271, 2749
List the prime factors of 46204545.
3, 5, 3080303
List the prime factors of 3004187.
97, 30971
What are the prime factors of 19308480?
2, 3, 5, 20113
List the prime factors of 1492946271.
3, 1283, 129293
What are the prime factors of 2355490818?
2, 3, 37, 449, 7877
What are the prime factors of 127076761?
7, 4019, 4517
List the prime factors of 83960199.
3, 3109637
What are the prime factors of 9598959?
3, 355517
List the prime factors of 3300359155.
5, 607, 1087433
List the prime